{"id":399,"date":"2025-12-19T15:25:37","date_gmt":"2025-12-19T15:25:37","guid":{"rendered":"https:\/\/sud-ways-solutions.fr\/?page_id=399"},"modified":"2025-12-19T15:48:29","modified_gmt":"2025-12-19T15:48:29","slug":"facility","status":"publish","type":"page","link":"https:\/\/sud-ways-solutions.fr\/index.php\/facility\/","title":{"rendered":"Facility"},"content":{"rendered":"\t\t<div data-elementor-type=\"wp-page\" data-elementor-id=\"399\" class=\"elementor elementor-399\">\n\t\t\t\t<div class=\"elementor-element elementor-element-d705a2c e-flex e-con-boxed e-con e-parent\" data-id=\"d705a2c\" data-element_type=\"container\" data-e-type=\"container\">\n\t\t\t\t\t<div class=\"e-con-inner\">\n\t\t\t\t<div class=\"elementor-element elementor-element-ae415ab elementor-widget elementor-widget-html\" data-id=\"ae415ab\" data-element_type=\"widget\" data-e-type=\"widget\" data-widget_type=\"html.default\">\n\t\t\t\t\t<section class=\"sws-page-hero\">\r\n  <div class=\"sws-wrap sws-center\">\r\n\r\n    <h1>\r\n      Sud-Ways <span class=\"sws-orange\">Facility<\/span>\r\n    <\/h1>\r\n\r\n    <p class=\"sws-lead\">\r\n      <span class=\"sws-orange\">Coordination technique<\/span> et\r\n      <span class=\"sws-orange\">suivi de chantier<\/span> :\r\n      un accompagnement <strong>rigoureux<\/strong>, <strong>r\u00e9actif<\/strong> et <strong>structur\u00e9<\/strong>\r\n      pour s\u00e9curiser vos interventions terrain.\r\n    <\/p>\r\n\r\n    <div class=\"sws-actions\">\r\n      <a class=\"sws-btn sws-btn-orange\"\r\n         href=\"https:\/\/sud-ways-solutions.fr\/index.php\/demande-de-devis\/\">\r\n         Demander un devis\r\n      <\/a>\r\n\r\n      <a class=\"sws-btn sws-btn-orange\"\r\n         href=\"https:\/\/sud-ways-solutions.fr\/index.php\/contact\/\">\r\n         Parler \u00e0 quelqu\u2019un\r\n      <\/a>\r\n    <\/div>\r\n\r\n    <p class=\"sws-sub\">\r\n      Interlocuteur <span class=\"sws-orange\">unique<\/span> \u2022\r\n      Suivi <span class=\"sws-orange\">clair<\/span> \u2022\r\n      Coordination <span class=\"sws-orange\">terrain<\/span>\r\n    <\/p>\r\n\r\n  <\/div>\r\n<\/section>\r\n\r\n<style>\r\n  .sws-page-hero{padding:78px 20px 46px;}\r\n  .sws-page-hero h1{\r\n    font-size:clamp(34px, 3vw, 48px);\r\n    margin:0 0 14px;\r\n    font-weight:700;\r\n    letter-spacing:-0.02em;\r\n  }\r\n  .sws-lead{\r\n    font-size:clamp(16px, 1.4vw, 19px);\r\n    max-width:860px;\r\n    margin:0 auto 26px;\r\n    line-height:1.6;\r\n    opacity:.9;\r\n  }\r\n  .sws-lead strong{font-weight:700;color:#111;}\r\n  .sws-sub{margin-top:16px;opacity:.7;font-size:.95rem;}\r\n  .sws-btn-orange{\r\n    display:inline-flex;align-items:center;justify-content:center;\r\n    padding:14px 22px;border-radius:999px;\r\n    background:#FFA300;color:#fff;text-decoration:none;font-weight:800;\r\n    transition:transform .12s ease, box-shadow .12s ease, filter .12s ease;\r\n  }\r\n  .sws-btn-orange:hover{\r\n    transform:translateY(-1px);\r\n    box-shadow:0 10px 18px rgba(0,0,0,.15);\r\n    filter:brightness(.95);\r\n  }\r\n<\/style>\r\n\t\t\t\t<\/div>\n\t\t\t\t\t<\/div>\n\t\t\t\t<\/div>\n\t\t<div class=\"elementor-element elementor-element-76f5d14 e-flex e-con-boxed e-con e-parent\" data-id=\"76f5d14\" data-element_type=\"container\" data-e-type=\"container\">\n\t\t\t\t\t<div class=\"e-con-inner\">\n\t\t\t\t<div class=\"elementor-element elementor-element-fd300b0 elementor-widget elementor-widget-html\" data-id=\"fd300b0\" data-element_type=\"widget\" data-e-type=\"widget\" data-widget_type=\"html.default\">\n\t\t\t\t\t<nav class=\"sws-tabs\" aria-label=\"Choisir une activit\u00e9 Sud Ways Solutions\">\r\n  <a class=\"sws-tab\"\r\n     href=\"https:\/\/sud-ways-solutions.fr\/index.php\/sud-ways-logistique\/\">\r\n     Sud-Ways Logistique\r\n  <\/a>\r\n\r\n  <a class=\"sws-tab\"\r\n     href=\"https:\/\/sud-ways-solutions.fr\/index.php\/facility\/\">\r\n     Sud-Ways Facility\r\n  <\/a>\r\n<\/nav>\r\n\r\n<style>\r\n  .sws-tabs{display:flex;justify-content:center;gap:16px;flex-wrap:wrap;margin:10px 0 40px;}\r\n  .sws-tab{\r\n    min-width:280px;padding:14px 28px;border-radius:999px;\r\n    background:#f1f1f1;color:#111;font-weight:800;font-family:inherit;\r\n    text-align:center;text-decoration:none;\r\n    transition:transform .12s ease, background .15s ease, box-shadow .15s ease, color .15s ease;\r\n  }\r\n  .sws-tab:hover{\r\n    background:#FFA300;color:#fff;transform:translateY(-1px);\r\n    box-shadow:0 10px 18px rgba(0,0,0,.12);\r\n  }\r\n  .sws-tab[aria-current=\"page\"], .sws-tab.is-active{\r\n    background:#FFA300;color:#fff;box-shadow:0 10px 18px rgba(0,0,0,.12);\r\n  }\r\n  .sws-tab:focus{outline:2px solid #FFA300;outline-offset:3px;}\r\n  @media (max-width:520px){\r\n    .sws-tab{min-width:240px;padding:13px 22px;}\r\n    .sws-tabs{gap:12px;margin:6px 0 32px;}\r\n  }\r\n<\/style>\r\n\r\n<script>\r\n  (function(){\r\n    const currentUrl = window.location.href.replace(\/\\\/$\/, '');\r\n    document.querySelectorAll('.sws-tab').forEach(tab => {\r\n      const tabUrl = tab.href.replace(\/\\\/$\/, '');\r\n      if (tabUrl === currentUrl) tab.setAttribute('aria-current','page');\r\n    });\r\n  })();\r\n<\/script>\r\n\t\t\t\t<\/div>\n\t\t\t\t\t<\/div>\n\t\t\t\t<\/div>\n\t\t<div class=\"elementor-element elementor-element-a6ead37 e-flex e-con-boxed e-con e-parent\" data-id=\"a6ead37\" data-element_type=\"container\" data-e-type=\"container\">\n\t\t\t\t\t<div class=\"e-con-inner\">\n\t\t\t\t<div class=\"elementor-element elementor-element-b11aa6e elementor-widget elementor-widget-html\" data-id=\"b11aa6e\" data-element_type=\"widget\" data-e-type=\"widget\" data-widget_type=\"html.default\">\n\t\t\t\t\t<section class=\"sws-section\">\r\n  <div class=\"sws-wrap\">\r\n\r\n    <div class=\"sws-center\">\r\n      <h2>Ce que nous <span class=\"sws-orange\">proposons<\/span><\/h2>\r\n      <p class=\"sws-muted\">\r\n        Selon vos besoins : <span class=\"sws-orange\">coordination<\/span>, <span class=\"sws-orange\">suivi<\/span>,\r\n        planification, interface et reporting.\r\n      <\/p>\r\n    <\/div>\r\n\r\n    <div class=\"sws-services-grid\">\r\n      <div class=\"sws-service-card\"><span class=\"sws-service-ico\">\ud83e\udde9<\/span><p><strong>Coordination technique<\/strong> et pilotage terrain<\/p><\/div>\r\n      <div class=\"sws-service-card\"><span class=\"sws-service-ico\">\ud83d\udccb<\/span><p><strong>Suivi de chantier<\/strong> et points d\u2019avancement<\/p><\/div>\r\n      <div class=\"sws-service-card\"><span class=\"sws-service-ico\">\ud83d\udcc5<\/span><p>Planification des <strong>interventions<\/strong> et priorisation<\/p><\/div>\r\n      <div class=\"sws-service-card\"><span class=\"sws-service-ico\">\ud83e\udd1d<\/span><p>Interface <strong>prestataires \/ clients<\/strong><\/p><\/div>\r\n      <div class=\"sws-service-card\"><span class=\"sws-service-ico\">\ud83e\uddf0<\/span><p>Coordination des <strong>lev\u00e9es de r\u00e9serves<\/strong> \/ correctifs<\/p><\/div>\r\n      <div class=\"sws-service-card\"><span class=\"sws-service-ico\">\ud83d\udcdd<\/span><p><strong>Reporting<\/strong> : synth\u00e8se, photos, compte-rendu<\/p><\/div>\r\n    <\/div>\r\n\r\n  <\/div>\r\n<\/section>\r\n\r\n<style>\r\n  .sws-section{padding:70px 20px;}\r\n  .sws-muted{\r\n    max-width:820px;margin:10px auto 36px;\r\n    opacity:.85;font-size:1.05rem;text-align:center;\r\n  }\r\n  .sws-services-grid{\r\n    display:grid;grid-template-columns:repeat(3, minmax(0,1fr));\r\n    gap:22px;max-width:1000px;margin:0 auto;\r\n  }\r\n  @media (max-width:900px){\r\n    .sws-services-grid{grid-template-columns:1fr;max-width:520px;}\r\n  }\r\n  .sws-service-card{\r\n    display:flex;align-items:flex-start;gap:14px;\r\n    padding:22px;background:#fff;border:1px solid var(--sws-border);\r\n    border-radius:18px;box-shadow:0 12px 26px rgba(0,0,0,.04);\r\n  }\r\n  .sws-service-ico{font-size:26px;line-height:1;flex:0 0 26px;}\r\n  .sws-service-card p{margin:0;line-height:1.55;color:rgba(0,0,0,.8);}\r\n  .sws-service-card strong{color:#111;font-weight:700;}\r\n<\/style>\r\n\t\t\t\t<\/div>\n\t\t\t\t\t<\/div>\n\t\t\t\t<\/div>\n\t\t<div class=\"elementor-element elementor-element-8f05ec4 e-flex e-con-boxed e-con e-parent\" data-id=\"8f05ec4\" data-element_type=\"container\" data-e-type=\"container\">\n\t\t\t\t\t<div class=\"e-con-inner\">\n\t\t\t\t<div class=\"elementor-element elementor-element-2f73e9d elementor-widget elementor-widget-html\" data-id=\"2f73e9d\" data-element_type=\"widget\" data-e-type=\"widget\" data-widget_type=\"html.default\">\n\t\t\t\t\t<section class=\"sws-process\">\r\n  <div class=\"sws-wrap\">\r\n\r\n    <div class=\"sws-center\">\r\n      <h2>Une coordination <span class=\"sws-orange\">claire<\/span>, un suivi <span class=\"sws-orange\">rigoureux<\/span><\/h2>\r\n      <p class=\"sws-muted\">Du cadrage au reporting, on s\u00e9curise chaque \u00e9tape.<\/p>\r\n    <\/div>\r\n\r\n    <div class=\"sws-steps\">\r\n\r\n      <!-- 1 -->\r\n      <div class=\"sws-step\">\r\n        <div class=\"sws-step-top\">\r\n          <span class=\"sws-step-num\">1<\/span>\r\n          <span class=\"sws-step-ico\">\ud83e\udded<\/span>\r\n        <\/div>\r\n        <h3><span class=\"sws-orange\">Audits techniques<\/span><\/h3>\r\n        <p>Identification des besoins, contraintes, interlocuteurs et objectifs.<\/p>\r\n      <\/div>\r\n\r\n      <!-- 2 -->\r\n      <div class=\"sws-step\">\r\n        <div class=\"sws-step-top\">\r\n          <span class=\"sws-step-num\">2<\/span>\r\n          <span class=\"sws-step-ico\">\ud83e\udd1d<\/span>\r\n        <\/div>\r\n        <h3><span class=\"sws-orange\">Cahier des charges<\/span><\/h3>\r\n        <p>Selection du ou des prestataires en fonction des besoins et parmis un large portefeuille de professionnels tous corps d'\u00e9tat.<\/p>\r\n      <\/div>\r\n\r\n      <!-- 3 -->\r\n      <div class=\"sws-step\">\r\n        <div class=\"sws-step-top\">\r\n          <span class=\"sws-step-num\">3<\/span>\r\n          <span class=\"sws-step-ico\">\ud83d\udcc5<\/span>\r\n        <\/div>\r\n        <h3><span class=\"sws-orange\">Planification<\/span><\/h3>\r\n        <p>Organisation des interventions, coordination des acteurs et des acc\u00e8s.<\/p>\r\n      <\/div>\r\n\r\n      <!-- 4 -->\r\n      <div class=\"sws-step\">\r\n        <div class=\"sws-step-top\">\r\n          <span class=\"sws-step-num\">4<\/span>\r\n          <span class=\"sws-step-ico\">\ud83d\udee0\ufe0f<\/span>\r\n        <\/div>\r\n        <h3><span class=\"sws-orange\">Pilotage terrain<\/span><\/h3>\r\n        <p>Suivi, contr\u00f4les, points d\u2019avancement, ajustements et r\u00e9solution.<\/p>\r\n      <\/div>\r\n\r\n      <!-- 5 -->\r\n      <div class=\"sws-step\">\r\n        <div class=\"sws-step-top\">\r\n          <span class=\"sws-step-num\">5<\/span>\r\n          <span class=\"sws-step-ico\">\ud83d\udcdd<\/span>\r\n        <\/div>\r\n        <h3><span class=\"sws-orange\">Reporting<\/span><\/h3>\r\n        <p>Compte-rendus, photos, synth\u00e8ses et actions \u00e0 suivre si n\u00e9cessaire.<\/p>\r\n      <\/div>\r\n\r\n    <\/div>\r\n\r\n  <\/div>\r\n<\/section>\r\n\r\n<style>\r\n  .sws-process{padding:70px 20px;background:var(--sws-soft);}\r\n\r\n  .sws-steps{\r\n    display:grid;\r\n    grid-template-columns:repeat(auto-fit, minmax(220px,1fr));\r\n    gap:18px;\r\n    max-width:1100px;\r\n    margin:0 auto;\r\n  }\r\n\r\n  .sws-step{\r\n    background:#fff;\r\n    border:1px solid var(--sws-border);\r\n    border-radius:18px;\r\n    padding:22px;\r\n    box-shadow:0 12px 26px rgba(0,0,0,.04);\r\n  }\r\n\r\n  .sws-step-top{\r\n    display:flex;\r\n    align-items:center;\r\n    gap:10px;\r\n    margin-bottom:12px;\r\n  }\r\n\r\n  .sws-step-num{\r\n    width:38px;height:38px;\r\n    display:inline-flex;align-items:center;justify-content:center;\r\n    background:#FFA300;color:#fff;\r\n    font-weight:900;border-radius:999px;\r\n    flex:0 0 38px;\r\n  }\r\n\r\n  .sws-step-ico{\r\n    width:38px;height:38px;\r\n    display:inline-flex;align-items:center;justify-content:center;\r\n    border-radius:14px;\r\n    background:rgba(255,163,0,.18);\r\n    font-size:20px;\r\n  }\r\n\r\n  .sws-step h3{\r\n    margin:0 0 6px;\r\n    font-size:1.12rem;\r\n    letter-spacing:-0.01em;\r\n  }\r\n\r\n  .sws-step p{\r\n    margin:0;\r\n    opacity:.85;\r\n    line-height:1.6;\r\n  }\r\n<\/style>\r\n\r\n\t\t\t\t<\/div>\n\t\t\t\t\t<\/div>\n\t\t\t\t<\/div>\n\t\t<div class=\"elementor-element elementor-element-e423d32 e-flex e-con-boxed e-con e-parent\" data-id=\"e423d32\" data-element_type=\"container\" data-e-type=\"container\">\n\t\t\t\t\t<div class=\"e-con-inner\">\n\t\t\t\t<div class=\"elementor-element elementor-element-f5d3eb3 elementor-widget elementor-widget-html\" data-id=\"f5d3eb3\" data-element_type=\"widget\" data-e-type=\"widget\" data-widget_type=\"html.default\">\n\t\t\t\t\t<section class=\"sws-section\">\r\n  <div class=\"sws-wrap\">\r\n\r\n    <div class=\"sws-center\">\r\n      <h2>Zones d\u2019<span class=\"sws-orange\">intervention<\/span> & <span class=\"sws-orange\">d\u00e9lais<\/span><\/h2>\r\n      <p class=\"sws-muted\">\r\n        Coordination possible selon vos contraintes de <span class=\"sws-orange\">planning<\/span> et de <span class=\"sws-orange\">site<\/span>.\r\n      <\/p>\r\n    <\/div>\r\n\r\n    <div class=\"sws-zones-grid\">\r\n\r\n      <div class=\"sws-zone-card\">\r\n        <span class=\"sws-zone-ico\">\ud83d\udccd<\/span>\r\n        <h3>Zone d\u2019intervention<\/h3>\r\n        <p>Interventions sur demande selon vos besoins (<strong>local<\/strong>, <strong>r\u00e9gional<\/strong> ou plus large).<\/p>\r\n        <p class=\"sws-small\">\r\n          Adaptation : <span class=\"sws-orange\">ponctuel<\/span>, <span class=\"sws-orange\">r\u00e9current<\/span>, <span class=\"sws-orange\">prioritaire<\/span>.\r\n        <\/p>\r\n      <\/div>\r\n\r\n      <div class=\"sws-zone-card\">\r\n        <span class=\"sws-zone-ico\">\u23f1\ufe0f<\/span>\r\n        <h3>D\u00e9lais & organisation<\/h3>\r\n        <p><strong>Planification flexible<\/strong> et interventions organis\u00e9es selon les contraintes du site.<\/p>\r\n        <p class=\"sws-small\">\r\n          Acc\u00e8s, horaires, coactivit\u00e9, consignes, <span class=\"sws-orange\">s\u00e9curit\u00e9<\/span>\u2026\r\n        <\/p>\r\n      <\/div>\r\n\r\n    <\/div>\r\n  <\/div>\r\n<\/section>\r\n\r\n<style>\r\n  .sws-section{padding:70px 20px;}\r\n  .sws-zones-grid{\r\n    display:grid;grid-template-columns:repeat(2, minmax(0,420px));\r\n    gap:26px;justify-content:center;margin:0 auto;\r\n  }\r\n  @media (max-width:900px){\r\n    .sws-zones-grid{grid-template-columns:1fr;max-width:520px;}\r\n  }\r\n  .sws-zone-card{\r\n    background:#fff;border:1px solid var(--sws-border);\r\n    border-radius:18px;padding:26px;box-shadow:0 12px 26px rgba(0,0,0,.04);\r\n    text-align:left;\r\n  }\r\n  .sws-zone-ico{font-size:28px;line-height:1;display:inline-block;margin-bottom:12px;}\r\n  .sws-zone-card h3{margin:0 0 10px;font-size:1.2rem;letter-spacing:-0.01em;}\r\n  .sws-zone-card p{margin:0 0 8px;line-height:1.6;color:rgba(0,0,0,.8);}\r\n  .sws-zone-card strong{font-weight:700;color:#111;}\r\n  .sws-small{opacity:.75;font-size:.95rem;margin-top:6px;}\r\n<\/style>\r\n\t\t\t\t<\/div>\n\t\t\t\t\t<\/div>\n\t\t\t\t<\/div>\n\t\t<div class=\"elementor-element elementor-element-06f2f02 e-flex e-con-boxed e-con e-parent\" data-id=\"06f2f02\" data-element_type=\"container\" data-e-type=\"container\">\n\t\t\t\t\t<div class=\"e-con-inner\">\n\t\t\t\t<div class=\"elementor-element elementor-element-7f0a664 elementor-widget elementor-widget-html\" data-id=\"7f0a664\" data-element_type=\"widget\" data-e-type=\"widget\" data-widget_type=\"html.default\">\n\t\t\t\t\t<section class=\"sws-final-cta\">\r\n  <div class=\"sws-wrap sws-center\">\r\n\r\n    <h2>\r\n      Besoin d\u2019une <span class=\"sws-orange\">coordination<\/span> ou d\u2019un\r\n      <span class=\"sws-orange\">suivi technique<\/span> ?\r\n    <\/h2>\r\n\r\n    <p class=\"sws-final-text\">\r\n      Dites-nous : <span class=\"sws-orange\">site<\/span>, <span class=\"sws-orange\">planning<\/span>,\r\n      objectifs, intervenants, contraintes d\u2019acc\u00e8s et niveau de <span class=\"sws-orange\">reporting<\/span> attendu.\r\n    <\/p>\r\n\r\n    <div class=\"sws-actions\">\r\n      <a class=\"sws-btn sws-btn-orange\"\r\n         href=\"https:\/\/sud-ways-solutions.fr\/index.php\/demande-de-devis\/\">\r\n         Demander un devis\r\n      <\/a>\r\n\r\n      <a class=\"sws-btn sws-btn-orange\"\r\n         href=\"https:\/\/sud-ways-solutions.fr\/index.php\/contact\/\">\r\n         Nous contacter\r\n      <\/a>\r\n    <\/div>\r\n\r\n  <\/div>\r\n<\/section>\r\n\r\n<style>\r\n  .sws-final-cta{padding:80px 20px;background:#fff;}\r\n  .sws-final-cta h2{\r\n    font-size:clamp(26px, 2.4vw, 36px);\r\n    letter-spacing:-0.02em;margin:0 0 10px;\r\n  }\r\n  .sws-final-text{\r\n    max-width:780px;margin:10px auto 26px;\r\n    opacity:.85;font-size:1.05rem;line-height:1.6;\r\n  }\r\n<\/style>\r\n\t\t\t\t<\/div>\n\t\t\t\t\t<\/div>\n\t\t\t\t<\/div>\n\t\t\t\t<\/div>\n\t\t","protected":false},"excerpt":{"rendered":"<p>Sud-Ways Facility Coordination technique et suivi de chantier : un accompagnement rigoureux, r\u00e9actif et structur\u00e9 pour s\u00e9curiser vos interventions terrain. [&hellip;]<\/p>\n","protected":false},"author":1,"featured_media":0,"parent":0,"menu_order":0,"comment_status":"closed","ping_status":"closed","template":"","meta":{"site-sidebar-layout":"no-sidebar","site-content-layout":"","ast-site-content-layout":"full-width-container","site-content-style":"default","site-sidebar-style":"default","ast-global-header-display":"","ast-banner-title-visibility":"","ast-main-header-display":"","ast-hfb-above-header-display":"","ast-hfb-below-header-display":"","ast-hfb-mobile-header-display":"","site-post-title":"","ast-breadcrumbs-content":"","ast-featured-img":"disabled","footer-sml-layout":"","ast-disable-related-posts":"","theme-transparent-header-meta":"","adv-header-id-meta":"","stick-header-meta":"","header-above-stick-meta":"","header-main-stick-meta":"","header-below-stick-meta":"","astra-migrate-meta-layouts":"default","ast-page-background-enabled":"default","ast-page-background-meta":{"desktop":{"background-color":"var(--ast-global-color-5)","background-image":"","background-repeat":"repeat","background-position":"center center","background-size":"auto","background-attachment":"scroll","background-type":"","background-media":"","overlay-type":"","overlay-color":"","overlay-opacity":"","overlay-gradient":""},"tablet":{"background-color":"","background-image":"","background-repeat":"repeat","background-position":"center center","background-size":"auto","background-attachment":"scroll","background-type":"","background-media":"","overlay-type":"","overlay-color":"","overlay-opacity":"","overlay-gradient":""},"mobile":{"background-color":"","background-image":"","background-repeat":"repeat","background-position":"center center","background-size":"auto","background-attachment":"scroll","background-type":"","background-media":"","overlay-type":"","overlay-color":"","overlay-opacity":"","overlay-gradient":""}},"ast-content-background-meta":{"desktop":{"background-color":"var(--ast-global-color-4)","background-image":"","background-repeat":"repeat","background-position":"center center","background-size":"auto","background-attachment":"scroll","background-type":"","background-media":"","overlay-type":"","overlay-color":"","overlay-opacity":"","overlay-gradient":""},"tablet":{"background-color":"var(--ast-global-color-4)","background-image":"","background-repeat":"repeat","background-position":"center center","background-size":"auto","background-attachment":"scroll","background-type":"","background-media":"","overlay-type":"","overlay-color":"","overlay-opacity":"","overlay-gradient":""},"mobile":{"background-color":"var(--ast-global-color-4)","background-image":"","background-repeat":"repeat","background-position":"center center","background-size":"auto","background-attachment":"scroll","background-type":"","background-media":"","overlay-type":"","overlay-color":"","overlay-opacity":"","overlay-gradient":""}},"footnotes":""},"class_list":["post-399","page","type-page","status-publish","hentry"],"yoast_head":"<!-- This site is optimized with the Yoast SEO plugin v26.5 - https:\/\/yoast.com\/wordpress\/plugins\/seo\/ -->\n<title>Facility - Sud-Ways Solutions<\/title>\n<meta name=\"robots\" content=\"index, follow, max-snippet:-1, max-image-preview:large, max-video-preview:-1\" \/>\n<link rel=\"canonical\" href=\"https:\/\/sud-ways-solutions.fr\/index.php\/facility\/\" \/>\n<meta property=\"og:locale\" content=\"fr_FR\" \/>\n<meta property=\"og:type\" content=\"article\" \/>\n<meta property=\"og:title\" content=\"Facility - Sud-Ways Solutions\" \/>\n<meta property=\"og:description\" content=\"Sud-Ways Facility Coordination technique et suivi de chantier : un accompagnement rigoureux, r\u00e9actif et structur\u00e9 pour s\u00e9curiser vos interventions terrain. [&hellip;]\" \/>\n<meta property=\"og:url\" content=\"https:\/\/sud-ways-solutions.fr\/index.php\/facility\/\" \/>\n<meta property=\"og:site_name\" content=\"Sud-Ways Solutions\" \/>\n<meta property=\"article:modified_time\" content=\"2025-12-19T15:48:29+00:00\" \/>\n<meta name=\"twitter:card\" content=\"summary_large_image\" \/>\n<meta name=\"twitter:label1\" content=\"Dur\u00e9e de lecture estim\u00e9e\" \/>\n\t<meta name=\"twitter:data1\" content=\"6 minutes\" \/>\n<script type=\"application\/ld+json\" class=\"yoast-schema-graph\">{\"@context\":\"https:\/\/schema.org\",\"@graph\":[{\"@type\":\"WebPage\",\"@id\":\"https:\/\/sud-ways-solutions.fr\/index.php\/facility\/\",\"url\":\"https:\/\/sud-ways-solutions.fr\/index.php\/facility\/\",\"name\":\"Facility - Sud-Ways Solutions\",\"isPartOf\":{\"@id\":\"https:\/\/sud-ways-solutions.fr\/#website\"},\"datePublished\":\"2025-12-19T15:25:37+00:00\",\"dateModified\":\"2025-12-19T15:48:29+00:00\",\"breadcrumb\":{\"@id\":\"https:\/\/sud-ways-solutions.fr\/index.php\/facility\/#breadcrumb\"},\"inLanguage\":\"fr-FR\",\"potentialAction\":[{\"@type\":\"ReadAction\",\"target\":[\"https:\/\/sud-ways-solutions.fr\/index.php\/facility\/\"]}]},{\"@type\":\"BreadcrumbList\",\"@id\":\"https:\/\/sud-ways-solutions.fr\/index.php\/facility\/#breadcrumb\",\"itemListElement\":[{\"@type\":\"ListItem\",\"position\":1,\"name\":\"Accueil\",\"item\":\"https:\/\/sud-ways-solutions.fr\/\"},{\"@type\":\"ListItem\",\"position\":2,\"name\":\"Facility\"}]},{\"@type\":\"WebSite\",\"@id\":\"https:\/\/sud-ways-solutions.fr\/#website\",\"url\":\"https:\/\/sud-ways-solutions.fr\/\",\"name\":\"Sud-Ways Solutions\",\"description\":\"\",\"publisher\":{\"@id\":\"https:\/\/sud-ways-solutions.fr\/#organization\"},\"potentialAction\":[{\"@type\":\"SearchAction\",\"target\":{\"@type\":\"EntryPoint\",\"urlTemplate\":\"https:\/\/sud-ways-solutions.fr\/?s={search_term_string}\"},\"query-input\":{\"@type\":\"PropertyValueSpecification\",\"valueRequired\":true,\"valueName\":\"search_term_string\"}}],\"inLanguage\":\"fr-FR\"},{\"@type\":\"Organization\",\"@id\":\"https:\/\/sud-ways-solutions.fr\/#organization\",\"name\":\"Sud-Ways Solutions\",\"url\":\"https:\/\/sud-ways-solutions.fr\/\",\"logo\":{\"@type\":\"ImageObject\",\"inLanguage\":\"fr-FR\",\"@id\":\"https:\/\/sud-ways-solutions.fr\/#\/schema\/logo\/image\/\",\"url\":\"https:\/\/sud-ways-solutions.fr\/wp-content\/uploads\/2025\/11\/1000037965.jpg\",\"contentUrl\":\"https:\/\/sud-ways-solutions.fr\/wp-content\/uploads\/2025\/11\/1000037965.jpg\",\"width\":1360,\"height\":1536,\"caption\":\"Sud-Ways Solutions\"},\"image\":{\"@id\":\"https:\/\/sud-ways-solutions.fr\/#\/schema\/logo\/image\/\"}}]}<\/script>\n<!-- \/ Yoast SEO plugin. -->","yoast_head_json":{"title":"Facility - Sud-Ways Solutions","robots":{"index":"index","follow":"follow","max-snippet":"max-snippet:-1","max-image-preview":"max-image-preview:large","max-video-preview":"max-video-preview:-1"},"canonical":"https:\/\/sud-ways-solutions.fr\/index.php\/facility\/","og_locale":"fr_FR","og_type":"article","og_title":"Facility - Sud-Ways Solutions","og_description":"Sud-Ways Facility Coordination technique et suivi de chantier : un accompagnement rigoureux, r\u00e9actif et structur\u00e9 pour s\u00e9curiser vos interventions terrain. [&hellip;]","og_url":"https:\/\/sud-ways-solutions.fr\/index.php\/facility\/","og_site_name":"Sud-Ways Solutions","article_modified_time":"2025-12-19T15:48:29+00:00","twitter_card":"summary_large_image","twitter_misc":{"Dur\u00e9e de lecture estim\u00e9e":"6 minutes"},"schema":{"@context":"https:\/\/schema.org","@graph":[{"@type":"WebPage","@id":"https:\/\/sud-ways-solutions.fr\/index.php\/facility\/","url":"https:\/\/sud-ways-solutions.fr\/index.php\/facility\/","name":"Facility - Sud-Ways Solutions","isPartOf":{"@id":"https:\/\/sud-ways-solutions.fr\/#website"},"datePublished":"2025-12-19T15:25:37+00:00","dateModified":"2025-12-19T15:48:29+00:00","breadcrumb":{"@id":"https:\/\/sud-ways-solutions.fr\/index.php\/facility\/#breadcrumb"},"inLanguage":"fr-FR","potentialAction":[{"@type":"ReadAction","target":["https:\/\/sud-ways-solutions.fr\/index.php\/facility\/"]}]},{"@type":"BreadcrumbList","@id":"https:\/\/sud-ways-solutions.fr\/index.php\/facility\/#breadcrumb","itemListElement":[{"@type":"ListItem","position":1,"name":"Accueil","item":"https:\/\/sud-ways-solutions.fr\/"},{"@type":"ListItem","position":2,"name":"Facility"}]},{"@type":"WebSite","@id":"https:\/\/sud-ways-solutions.fr\/#website","url":"https:\/\/sud-ways-solutions.fr\/","name":"Sud-Ways Solutions","description":"","publisher":{"@id":"https:\/\/sud-ways-solutions.fr\/#organization"},"potentialAction":[{"@type":"SearchAction","target":{"@type":"EntryPoint","urlTemplate":"https:\/\/sud-ways-solutions.fr\/?s={search_term_string}"},"query-input":{"@type":"PropertyValueSpecification","valueRequired":true,"valueName":"search_term_string"}}],"inLanguage":"fr-FR"},{"@type":"Organization","@id":"https:\/\/sud-ways-solutions.fr\/#organization","name":"Sud-Ways Solutions","url":"https:\/\/sud-ways-solutions.fr\/","logo":{"@type":"ImageObject","inLanguage":"fr-FR","@id":"https:\/\/sud-ways-solutions.fr\/#\/schema\/logo\/image\/","url":"https:\/\/sud-ways-solutions.fr\/wp-content\/uploads\/2025\/11\/1000037965.jpg","contentUrl":"https:\/\/sud-ways-solutions.fr\/wp-content\/uploads\/2025\/11\/1000037965.jpg","width":1360,"height":1536,"caption":"Sud-Ways Solutions"},"image":{"@id":"https:\/\/sud-ways-solutions.fr\/#\/schema\/logo\/image\/"}}]}},"_links":{"self":[{"href":"https:\/\/sud-ways-solutions.fr\/index.php\/wp-json\/wp\/v2\/pages\/399","targetHints":{"allow":["GET"]}}],"collection":[{"href":"https:\/\/sud-ways-solutions.fr\/index.php\/wp-json\/wp\/v2\/pages"}],"about":[{"href":"https:\/\/sud-ways-solutions.fr\/index.php\/wp-json\/wp\/v2\/types\/page"}],"author":[{"embeddable":true,"href":"https:\/\/sud-ways-solutions.fr\/index.php\/wp-json\/wp\/v2\/users\/1"}],"replies":[{"embeddable":true,"href":"https:\/\/sud-ways-solutions.fr\/index.php\/wp-json\/wp\/v2\/comments?post=399"}],"version-history":[{"count":31,"href":"https:\/\/sud-ways-solutions.fr\/index.php\/wp-json\/wp\/v2\/pages\/399\/revisions"}],"predecessor-version":[{"id":442,"href":"https:\/\/sud-ways-solutions.fr\/index.php\/wp-json\/wp\/v2\/pages\/399\/revisions\/442"}],"wp:attachment":[{"href":"https:\/\/sud-ways-solutions.fr\/index.php\/wp-json\/wp\/v2\/media?parent=399"}],"curies":[{"name":"wp","href":"https:\/\/api.w.org\/{rel}","templated":true}]}}